(-14) + (-6)/(-21). What are the prime factors of g(n)?
3, 5
Let s be -6*-1*2/6. Let p be 11 + (s - 1) + 2. Suppose -40 = -3*y + 5*n - p, 0 = y - n - 6. What are the prime factors of y?
2
Let m = -4 - -6. Suppose -3*p + y = -2*p - m, -2*y = 0. Suppose 4*d - i - 26 = 0, p*d = -0*i + i + 12. What are the prime factors of d?
7
Let h(v) = 6*v + 14. What are the prime factors of h(5)?
2, 11
Let l = -9 + 5. Suppose -6*n + 7*n = -8. Let i = l - n. List the prime factors of i.
2
Suppose 0*z - 5*z = -1920. What are the prime factors of (-2)/(-5) + z/15?
2, 13
Let j(w) = w**3 - 8*w**2 + 9*w - 9. Let y be j(7). Suppose 2*s + y*i - 26 = 0, 5*s - 9 = 3*i + 87. What are the prime factors of s?
2, 3
Suppose -5 = -w - 1. What are the prime factors of -3 + 0 + 33 - w?
2, 13
Let u be 15/2*6/5. Suppose 3*y - 57 = u. List the prime factors of y.
2, 11
Suppose -4*k = -0*k - 8. Suppose -2*o - k*o - 204 = 0. List the prime factors of 1/(o/(-24) + -2).
2
Suppose 0 = 2*a - a. Suppose -2*n + 5*g + 18 = a, -4*g - 34 = 4*n - 7*n. List the prime factors of n.
2, 7
Suppose 3*c = -3*d + 801 + 258, -4*d + 2*c + 1442 = 0. Suppose -4*o - 130 = -d. List the prime factors of o.
3, 19
Let n(v) = v**2 - 3*v - 5. List the prime factors of n(-2).
5
Let r = -29 - -107. List the prime factors of r.
2, 3, 13
Let c(k) = -k + 7. Let g be c(6). What are the prime factors of (1 + -1 + 25)*g?
5
Let o = -4 - -8. Suppose -o*m - 4*h = -48, 4*m + m - h - 36 = 0. List the prime factors of m.
2
Let u be 3*1 - (1 - 0). List the prime factors of 18*(0/(-3) + u).
2, 3
Suppose 48 = 5*m - 107. What are the prime factors of m?
31
Let l be (-4)/22 - (-210)/66. Suppose -3*d + 3 = -l. What are the prime factors of (13/d)/((-2)/(-4))?
13
Suppose 2*x - 4*y - 150 = 0, 7*y - 3*y = 8. List the prime factors of x.
79
Suppose 0 = -0*k - 3*k - t + 394, -4*k + 4*t + 504 = 0. List the prime factors of (-4)/(-8) + k/4.
3, 11
Let d(j) = -j**3 - 3*j**2 - j - 4. List the prime factors of d(-4).
2
What are the prime factors of (1 - (-2)/4) + 291/6?
2, 5
Let l(t) be the third derivative of t**6/120 + 2*t**5/15 - 11*t**4/24 - 3*t**3/2 + 4*t**2. Let z be 47/(-5) + (-4)/(-10). List the prime factors of l(z).
3
Suppose 5*p = -0*p + 335. What are the prime factors of p?
67
Suppose 0 = -5*j + v + 791, -5*j + j = -5*v - 637. What are the prime factors of j?
2, 79
Suppose -5*k + f + 618 = 2*f, -3*k + f = -374. Suppose -5*w = -3*z - k, z = -4*w - z + 108. What are the prime factors of w?
2, 13
Suppose -2*q + 2*o = -52, 7*o = -3*q + 3*o + 85. Let p = 43 - q. List the prime factors of p.
2
Let l = 180 - 128. List the prime factors of l.
2, 13
Suppose -w - 80 = -3*w. Suppose -6*d = -2*d - w. Suppose 0 = 3*l - l - d, -5*f + 70 = l. List the prime factors of f.
13
Suppose -4*g + 18 = -2*o, -g - g = -3*o - 11. Let h be 0 + 2 + 13 + -13. Suppose h = c - d - 15, d - 53 = -g*c. What are the prime factors of c?
2, 7
Suppose -28 - 41 = 3*z. Let h = 39 + z. Suppose q + 4 - h = 0. What are the prime factors of q?
2, 3
Suppose 3*o = 5*g + 6, -g = 4*g. What are the prime factors of o?
2
Suppose -8*h - 4*h = -684. What are the prime factors of h?
3, 19
Let z(o) = 3*o**2 + 2*o + 3. Suppose 5*g = 49 - 9. Suppose g = -6*b + 2*b. What are the prime factors of z(b)?
11
Let r(t) = -2*t**3 - 2*t**2 - 2. Let c = -10 + 8. Let d be r(c). Let b = 1 + d. List the prime factors of b.
7
Let x = 0 - 0. Let j = 6 - x. What are the prime factors of j*(-1 - (-21)/9)?
2
Suppose -24 = -4*u - 2*a, -3*a + 20 = 3*u - a. Suppose u*k - 7 = 3*k. What are the prime factors of k?
7
Let y(j) = -3 + 0 - 2 + 4*j. Let w(l) = -3*l + 4. Let h(k) = -5*w(k) - 4*y(k). What are the prime factors of h(-4)?
2
Let k(r) = 4*r**2 - 3*r - 4. List the prime factors of k(3).
23
Suppose -i + 1 = 2, 9 = 2*f - 3*i. Suppose 29 = f*a - 1. What are the prime factors of a?
2, 5
Suppose 3*m - 150 = -3*p, 0 = 2*m - 0*m + 4. What are the prime factors of p?
2, 13
Let i(o) = -o**2 - o + 12. Suppose -6*b + 6 = -4*b. Suppose b*y = 4*y. What are the prime factors of i(y)?
2, 3
Suppose 4*i + 95 = g + 3*i, -4*g + 3*i + 380 = 0. What are the prime factors of g?
5, 19
Let x = 10 - 10. Suppose -3*s - 1 + 106 = x. What are the prime factors of s?
5, 7
Suppose -t + 16 + 2 = -3*p, -2*t - 14 = 4*p. Suppose 4*g - t*g - 11 = 0. List the prime factors of g.
11
Let d(k) be the second derivative of -k**5/20 + k**4/4 + k**3/6 + k**2 - k. List the prime factors of d(3).
5
Let c = -19 - -106. What are the prime factors of c?
3, 29
Let b(c) = 441*c. Let p(q) = 40*q. Let x(m) = 5*b(m) - 54*p(m). Let k be x(-2). List the prime factors of ((-6)/(-5))/((-12)/k).
3
Let h = 44 - -2. Let q = 68 - h. What are the prime factors of q?
2, 11
Let q = 52 + -30. Let f = q + -13. Let s = f - 6. List the prime factors of s.
3
Let g(b) = b**2 + 3*b + 3. Let v be g(-3). Suppose 2*j + 9 = v*l, -4*l + 4*j + 12 = 2*j. What are the prime factors of (-45)/l*(-8)/12?
2, 5
Suppose 3*i = -3*v + 345, -5*v = 5*i - 2*i - 335. List the prime factors of i.
2, 3, 5
Suppose 8*b = 43 + 869. List the prime factors of b.
2, 3, 19
Suppose 48 = -5*t + 153. Suppose t = 2*n + i, 0 = 2*i - 7*i - 5. What are the prime factors of n?
11
Let k(h) = h**2 - 8*h + 3. Let i be k(8). Let d be i/2 + (-13)/(-2). What are the prime factors of ((-28)/d)/(2/(-4))?
7
Let h = 437 + -302. What are the prime factors of h?
3, 5
Let v(k) = 17*k**3 + 2*k**2 + 1. Let a(y) = -16*y**3 - 3*y**2 - y - 1. Let s(f) = 2*a(f) + 3*v(f). List the prime factors of s(1).
2, 3
Let h = -10 - -23. Let z be ((-3)/6)/(3/(-138)). Let g = z - h. List the prime factors of g.
2, 5
Suppose 6*f - 16 = 2*f. Suppose -u - f*g = 21, 5*u - 2*g + 9 + 8 = 0. List the prime factors of (1 + u)*(-1 + -1).
2
Suppose -n + 86 = n. Let w = n - 26. What are the prime factors of w?
17
Let m(k) = -k**3 + 10*k**2 + 11*k + 9. Let f be m(11). Let c(i) = i**2 - 9*i + 6. List the prime factors of c(f).
2, 3
Let s be (-2)/(-3)*3 - 0. Suppose s*z + 10 = 4*z. Let o = z - -5. List the prime factors of o.
2, 5
Suppose 0*c - c + 2 = 2*l, -5*l = 4*c - 8. Suppose 0 = m - 2*p - 12, -c*m + 16 = -m - 3*p. Suppose -m*d = -d - 12. What are the prime factors of d?
2
Let t be 5/(-2)*6/5. What are the prime factors of (24/(-2))/t - -3?
7
Suppose 2*n - 7*n = -405. What are the prime factors of n?
3
What are the prime factors of 4*(-7)/4*-3?
3, 7
Suppose -85 = 4*s - 9*s. Suppose -31 = -5*t + 2*p, 4*t - 6 - s = p. Suppose 2*r - 2*l = 30, -t*r + 0*l = l - 45. What are the prime factors of r?
2, 5
Let f be (3 - (2 - -2))*-18. Let p(u) = -3*u**2 - 3 + f*u**2 + 3. List the prime factors of p(1).
3, 5
Let z(c) be the first derivative of c**4/4 + 4*c**3/3 - 7*c**2/2 - 3*c + 2. Let r = 4 + -9. List the prime factors of z(r).
7
Let t = -71 - -115. What are the prime factors of t?
2, 11
Let s = 11 - -27. Suppose 5*p - 2 = s. List the prime factors of p.
2
Suppose -4*x = 2*n - 202, -13 = -2*x + 3*n + 108. List the prime factors of x.
53
Suppose 3*y + 5 - 14 = 0, -2*o + 459 = -5*y. List the prime factors of o.
3, 79
Let y(d) = 5*d + 4*d**2 - 5 + 11*d - 12*d. What are the prime factors of y(-4)?
43
Suppose 4*g = 115 - 11. What are the prime factors of g?
2, 13
Let o(r) = r**3 + 2*r**2 - 4*r - 3. Let b be o(-3). Suppose 5*c = -b*c + 65. Suppose 2*y - 4*m = -0*m - 4, -y - 3*m + c = 0. What are the prime factors of y?
2
Let s(u) = -2*u + 6. Let f be s(-5). Suppose -4*v = -3*x + f, 8*v = 3*v + 10. What are the prime factors of x/2 - (-1)/1?
5
Let o = 1 + 4. Suppose 0*q + o*q - 55 = 0. What are the prime factors of q?
11
Let j be 2/1*(-1 - 0). List the prime factors of 305/35 - j/7.
3
Let j(q) = -q**2 + q + 3. Let g be j(0). List the prime factors of (-128)/(-6) + (-1)/g.
3, 7
Suppose 2*r + 256 = 2*n, 4*n - 5*r - 265 = 245. List the prime factors of n.
2, 5, 13
Let o(u) = -u**3 + 10*u**2 - 9*u + 12. Let h be o(10). Let s be h/(-9) - (-6)/(-9). Let i(v) = v + 1. List the prime factors of i(s).
3
Let f = -19 + 31. List the prime factors of f.
2, 3
Let x be (-70)/(-7)*(-6)/(-15). Suppose x*i - 18 = 2*i. List the prime factors of i.
3
What are the prime factors of (-380)/25*5/(-2)?
2, 19
Let x(r) = -4*r**3 - 7*r**2 - 9*r - 7. List the prime factors of x(-5).
3, 11
Let u be (-30)/4*4/(-6). Suppose -3*m + r = -0*m - 38, -u*m = -5*r - 60. What are the prime factors